16 = -2*d + 3*d. Let r(h) = 15 - l + h**3 - h**2. What is r(-1)?
-2
Let b(z) = 4 - 3 + z - 11*z**3 - 3*z + z**2. What is b(1)?
-11
Let c(v) = -4*v - 3*v + 3*v + 5*v - v**2 + 1. Let a be (0/(-2))/1 + 2. Give c(a).
-1
Let a(l) = 9*l**2 - l**2 + 0*l + l - 2*l**2. Let q(m) = -m**3 - 4*m**2 - 2*m + 2. Let n = -8 + 5. Let g be q(n). Calculate a(g).
5
Suppose -4*s + 8 = 4*w, 4*w + 28 = -0*s + 5*s. Suppose s*y = -2*q - 4, 6 = q - 3*y + y. Let a(z) = z**2 + z - 2. Calculate a(q).
4
Let t(u) = 3*u - 11. Let r be t(5). Let v(j) = -3*j + 2. Give v(r).
-10
Let g = 26 + -16. Let v = g - 14. Let x(u) = -u - 4. Calculate x(v).
0
Let m(h) = h**2 + 7*h - 5. Let v be m(-8). Suppose 0 = -2*f + f - v. Let s(q) = q**3 + 3*q**2 - q + 3. Give s(f).
6
Let v(u) be the first derivative of u**2/2 - u - 1. Let a be 3*(-4)/12*14. Let z be a/4 - 2/(-4). Give v(z).
-4
Let u be 1 + (1 - 2) - 0. Let y(i) = -i**3 + i + 1. Suppose -6 = d - 4. Let f(s) = 3*s**3 - 3*s - 3. Let k(v) = d*f(v) - 5*y(v). Determine k(u).
1
Let o(u) = -3*u - 7. Let x(j) = -j - 1. Let h(g) = o(g) - x(g). Suppose -d + 3*n + 51 = -6*d, -12 = -4*n. Let y be (-1)/6 - (-58)/d. What is h(y)?
4
Let g(k) = -2*k + 5 + 2*k - 6 - k**2 + 4*k. What is g(2)?
3
Let n(a) = -a**2 - a - 7. Let t(i) = 1. Let f(r) = -n(r) - 6*t(r). Determine f(3).
13
Let y = 0 + 3. Let i(a) = 2*a - 7. Let s be i(5). Let h(c) = -8*c + s - 1 + y*c. Calculate h(2).
-8
Let n(p) = 2*p - 3*p + 0*p - 10. What is n(-6)?
-4
Let c(g) = -2*g**2 - g**3 + 5*g - 2*g**2 + 0*g**2 - 3*g. Let j be 12/10*(-10)/3. What is c(j)?
-8
Let r(q) = 4*q + 5. Suppose -3*y + 12 = 0, 0 = 3*n + 2*y + y + 3. Determine r(n).
-15
Let c(b) = b**2 + 5*b + 5. Let p(w) = -3*w**2 + 5*w + w + 4 + 4*w**2. Let q(z) = -6*z + 8. Let g be q(2). Let u be p(g). Determine c(u).
1
Let z(c) = 4*c**2 + c - 1. Let u = 9 + -8. What is z(u)?
4
Let n(x) = x**2 + x - 6. Let u be n(-4). Let p(j) = -2*j + 2*j - 12 + j. What is p(u)?
-6
Let p = -2 - -7. Let h(t) = 3*t**2 + 0*t**2 + t**3 + 18 - 22 - p*t. What is h(-4)?
0
Let u = 15 - 9. Let p be (-5)/(2 - (u - 3)). Let r = 8 - p. Let s(y) = y**3 - 4*y**2 + 2*y + 2. Give s(r).
-1
Suppose 4*n = -4, 1 = 2*m - 5*n - 12. Let l(i) = -1 + 2*i**2 - 5*i**3 + m*i**3 - 4*i**2 - 2*i. Give l(-1).
0
Let m be 1/(-2) - (-2)/(-4). Let b(q) be the second derivative of q**5/60 + q**4/24 - q**2/2 + 3*q. Let c(x) be the first derivative of b(x). Calculate c(m).
0
Let v(z) be the first derivative of z**4/4 - 3*z**3 + 5*z**2 + 27. Determine v(8).
16
Let j(u) = 6*u + 1. Let m(f) = -6*f. Let s(w) = -4*j(w) - 3*m(w). Determine s(-4).
20
Let y(g) = 3*g**3 + 17*g**2 + 5*g - 16. Let i(w) = 5*w**3 + 26*w**2 + 8*w - 24. Let m(n) = 5*i(n) - 8*y(n). What is m(6)?
8
Suppose -22 = -4*c + 2. Let l(u) = -5*u + 7. Determine l(c).
-23
Let v(a) = -3*a + 1. Let x be (0 + -2)/2 - -3. Let u(w) = 0*w**2 + 4*w - x - 3*w**2 + 4*w**2. Let n be u(-4). Determine v(n).
7
Let w(h) be the second derivative of h**4/6 + 2*h**3/3 + 3*h**2/2 - 14*h - 1. Suppose 4*a = 5*r - 3*r - 14, 5*a + 18 = 3*r. Determine w(a).
9
Let d be (0 + -1)/((-3)/(-18)). Let b(y) = y**2 + 6*y + 2. Determine b(d).
2
Let f be (-77)/(-11) + (1 - -1). Let d(n) = -n + 13. Calculate d(f).
4
Let r be (-14)/3 + 8/12. Let q(h) = -h + 4. Determine q(r).
8
Suppose 0 = 4*t - 12, -2*t + 22 = 3*g - 2. Let c(o) = -o**2 + 8*o - 6. Calculate c(g).
6
Let t(h) = h**2 - 10*h. Suppose 2*b = 8*b - 54. Calculate t(b).
-9
Let x be (2 + (2 - 4))/1. Let c(z) = 0*z**2 - 2*z + z + x*z - z**2 - 3*z**3. Let j be 0 + 1/(-2)*2. What is c(j)?
3
Let v(b) = -b. Let q be v(-3). Let a(y) = 1 + 5*y**3 - 2 + 2*y**2 - 5*y**q - 6*y**3. Calculate a(-1).
7
Let x(p) = 3*p - 1. Let t(i) = 8*i - 3. Let j(h) = -4*t(h) + 11*x(h). Give j(0).
1
Let a(n) be the first derivative of -1/24*n**4 + 0*n + 2 + 0*n**2 - 2/3*n**3 - 1/20*n**5. Let z(l) be the third derivative of a(l). What is z(1)?
-7
Let g(v) be the first derivative of -v**2/2 - 10*v + 2. Let z be 2/(-3) - (-64)/(-12). What is g(z)?
-4
Suppose 2*f = 3*s - 7, s - 2*s + 5*f = -24. Let a(m) = 11*m**2 - m. Determine a(s).
12
Let w(c) = -22 + 11 + 6 + 7 + c. Let r = -7 - -12. Determine w(r).
7
Let l = -5 + 8. Suppose -2*g = -0 - 6. Let z(n) = -1 - 2 + 35*n**3 - 34*n**3 + 6*n - 3*n**2 - g*n. Determine z(l).
6
Suppose 0 = 5*f + 20, -3*w + f = -29 + 10. Let a(g) be the first derivative of g**2/2 - 6*g - 122. What is a(w)?
-1
Let f(d) be the second derivative of 0*d**2 + 4*d + 5/24*d**4 - 2/3*d**3 + 1/360*d**6 + 1/20*d**5 + 0. Let u(o) be the second derivative of f(o). Give u(-5).
0
Let i(z) = -z - 16. Let q be i(-12). Let b(c) = 3*c + 6. Determine b(q).
-6
Let v(k) = 1 - 6*k + 3*k + 4*k. What is v(-4)?
-3
Let b be 3/(-5) + (-13)/(65/(-28)). Let u(n) = -n + 7. Give u(b).
2
Let i(z) = z**2 - 2*z. Suppose -5*r + 9*r = 5*w + 30, 3*w = 5*r - 31. Let f be 2/3*(-3)/w. What is i(f)?
-1
Suppose 0 = n + n - 4. Let g(u) = -3*u. Let f be g(n). Let q(p) be the second derivative of p**4/12 + 5*p**3/6 - 7*p**2/2 - 40*p. Give q(f).
-1
Let t(c) = c + 1. Let j(b) be the first derivative of b**4/4 - 7*b**3/3 + b**2/2 - 2*b - 3. Let r be j(7). Give t(r).
6
Let m be 21 - -1*(1 - -2). Suppose -4*g = -0 + m. Let z(j) = -j**2 - 5*j. What is z(g)?
-6
Let v(k) = k**2 + 15 + 9 + 9 + 4*k - 27. Determine v(-5).
11
Let u(v) = 5*v - 7. Let d(c) = c**3 + c**2 - c + 4. Let b be d(0). Let k(y) = -y. Let w(o) = b*k(o) + u(o). Give w(0).
-7
Let v(q) = -14*q**2 - 18*q + 14. Let z(k) = -5*k**2 - 6*k + 5. Let l(g) = 6*v(g) - 17*z(g). Let x = 8 + -2. Determine l(x).
-1
Let z = 62 + -63. Let g(x) = -8*x + 1. Determine g(z).
9
Let j be 1/(-4) - (-27)/12. Let u(z) = -z**3 + z**2 - z + 2. Calculate u(j).
-4
Let k(u) be the third derivative of 0*u**3 + 1/60*u**5 - 3*u**2 + 0*u - 7/24*u**4 + 0. Calculate k(7).
0
Let k(u) = 2*u**3 - u**2 - 2*u + 1. Suppose w - 6*w + 15 = 0. Let h be 4/(-1 + 0 + w). Calculate k(h).
9
Suppose 10*m = 9*m - 4. Let d(g) = 4*g - 2. Determine d(m).
-18
Let i(g) = -5*g + 6. Let j(p) = 5*p - 26. Let w be j(6). Calculate i(w).
-14
Let d(b) = -b + 1. Let w(x) = 10*x - 8. Let i(p) = 8*d(p) + w(p). Let f(n) = -n**3 + 7*n**2 + 7*n + 7. Let v be f(8). Calculate i(v).
-2
Let x(k) be the first derivative of k**7/840 + k**6/72 + k**5/40 + k**4/8 + 2*k**3/3 - 2. Let f(m) be the third derivative of x(m). Calculate f(-3).
12
Let x(c) = -2*c + 7. Let d(f) = -f + 1. Let y(k) = -d(k) + x(k). Let v be (0 - -1)/1*5. Suppose 0*t = -v*t. Calculate y(t).
6
Let t(a) be the third derivative of -a**6/120 - a**5/12 + a**3/3 - 4*a**2 + 6*a. Calculate t(-5).
2
Let i(z) = 2*z**2 - 2*z + 1. Let t(w) = w**3 + 6*w**2 - 7*w - 2. Let k be t(-6). Suppose 2*l = l, -5*f = 4*l - k. Let o be 6/f + 1/4. Give i(o).
1
Let a be (-2 - 0)/(-4)*-4. Suppose 0 = -5*p + 1 + 4. Let i(z) = 2*z + p + 2*z + 0. What is i(a)?
-7
Let b = -49 - -28. Let a be 1/2 - b/(-6). Let t(m) = m + 1. Determine t(a).
-2
Let h = -11 - -26. Let g be h/5 - 8/(-2). Let o(q) = q - 11. What is o(g)?
-4
Let r(y) = 2*y**2 + 6*y + 5. Let v(a) = a**2 + 3*a + 2. Let p(q) = -4*r(q) + 9*v(q). Let o = -14 + 16. What is p(o)?
8
Let t(o) be the first derivative of -3 + 3/2*o**2 + 3*o. What is t(-3)?
-6
Let i(v) = 5*v**3 + v**2 - 4*v - 1. Let k(z) = -9*z**3 - z**2 + 8*z + 1. Let x(t) = -7*i(t) - 4*k(t). What is x(3)?
-9
Let c(h) = 2 - h + 3*h - h**2 - 2 + 4. Give c(3).
1
Let o be 2/((-40)/(-15) - 2). Let d(t) = -t**3 + 3*t**2 - 4*t + 1. Give d(o).
-11
Let j(v) = 7 + 321*v**3 - 322*v**3 + 5*v**2 - 4. Determine j(4).
19
Let x = -14 - -18. Let f(d) = 3*d + 5. Let q(o) = -o. Let t(b) = x*q(b) + f(b). Let i(s) = -s**3 - 5*s**2 + 4. Let c be i(-5). Give t(c).
1
Let j(z) = 3*z**2 + 2 - 2 - 1. Let g be j(-1). Let i(r) = -4*r + 2*r**2 + 2*r**g - 5*r**2 + 1. What is i(-3)?
4
Let x(q) = q**3 + q**2 - 2*q + 2. Let r(o) = -o**2. Let j(h) = -5*r(h) - x(h). Calculate j(3).
13
Let u(c) = -7 + 0 + 248*c - 250*c. Let o = -8 + 2. Give u(o).
5
Let k(n) = -8*n**3 - 29*n**2 - 10*n - 15. Let i(q) = -3*q**3 - 10*q**2 - 3*q - 5. Let d(h) = -11*i(h) + 4*k(h). Give d(7).
-5
Let a(z) be the second derivative of -z**8/3360 - z**7/2520 + z**6/720 + z**5/120 + 5*z**4/12 - 3*z. Let m(p) be the third derivative of a(p). Calculate m(-1).
1
Let x(i) = -4*i**3 + i - 2*i - i**2 - 5 + 5*i**3. Let b(j) = -j**3 - 3*j**2 + 5*j + 4. Let o be b(-4). Suppose o = -4*d + d